{"id":2,"date":"2013-03-07T14:23:46","date_gmt":"2013-03-07T17:23:46","guid":{"rendered":"http:\/\/secyt.unf.edu.ar\/?page_id=2"},"modified":"2018-03-09T18:18:37","modified_gmt":"2018-03-09T21:18:37","slug":"pagina-ejemplo","status":"publish","type":"page","link":"https:\/\/secyt.unf.edu.ar\/?page_id=2","title":{"rendered":"C.I.CyT"},"content":{"rendered":"<p>El Consejo de Investigaci\u00f3n Cient\u00edfica y Tecnol\u00f3gica es la organizaci\u00f3n que regula la actividad de la Secretaria de Ciencia y Tecnolog\u00eda de la Universidad Nacional de Formosa, fue creado por el Consejo Superior de la Universidad que dicto su reglamentaci\u00f3n y su nueva conformaci\u00f3n est\u00e1 a la espera de ser aprobada por el m\u00e1ximo \u00f3rgano colegiado de nuestra Casa de Altos Estudios.<\/p>\n<table border=\"0\">\n<tbody>\n<tr>\n<td bgcolor=\"#F4F4F4\">\n<p style=\"text-align: left;\">Art\u00edculo 1): Conforme lo establece la Resoluci\u00f3n N\u00bb 017\/02 y su modificatoria del Consejo Superior el Consejo de Investigaci\u00f3n Cient\u00edfica y Tecnol\u00f3gica estar\u00e1 integrado por: los miembros de la Comisi\u00f3n de Ciencia y T\u00e9cnica, los Vice Decanos y dos docentes representantes de cada unidad acad\u00e9mica elegidos por los Consejos Directivos y coordinada y presidida por el Secretario de Ciencia y T\u00e9cnica. Ser\u00e1n observadores los dem\u00e1s asistentes especialmente invitados.<\/p>\n<p style=\"text-align: left;\">Art\u00edculo 2)<span class=\"D12\"> La Mesa Directiva estar\u00e1 compuesta por un Presidente, un Vicepresidente y un Secretario. La presidencia recaer\u00e1 en el Secretario de Ciencia y T\u00e9cnica; la Vicepresidencia en el Presidente de la Comisi\u00f3n de Ciencia y T\u00e9cnica; en tanto que el Secretario ser\u00e1 elegido por los paricipantes del consejo. En caso de ausencia del Presidente la presidencia recaer\u00e1 en el Vicepresidente. <\/span><\/p>\n<p style=\"text-align: left;\" align=\"justify\">Art\u00edculo 3):<span class=\"D12\"> El Secretario tendr\u00e1 como labor principal la coordinaci\u00f3n general de las actividades t\u00e9cnicas que realice el Consejo: Seminarios, jornadas, conferencias, exposiciones, etc. En oportunidad de cada evento se conformar\u00e1 un Comit\u00e9 de Redacci\u00f3n, que estar\u00e1 integrado por dos o m\u00e1s miembros, elegidos por los miembros del Consejo, cuya funci\u00f3n ser\u00e1 la de redactar y presentar al Consejo para su consideraci\u00f3n y aprobaci\u00f3n, el Acta que refleje los aspectos sobresalientes de las exposiciones, sintetizar el debate (preguntas y comentarios), con las conclusiones y recomendaciones<\/span><\/p>\n<p style=\"text-align: left;\">Funciones del Consejo<\/p>\n<p style=\"text-align: left;\">Art\u00edculo 4): Son funciones, del Consejo:<\/p>\n<p style=\"text-align: left;\">a) Elaborar las pol\u00edticas y el marco general de investigaci\u00f3n de la U.Na.F., que deber\u00e1 ser propuesto para su tratamiento al Consejo superior.<\/p>\n<p style=\"text-align: left;\">b) Priorizar los Proyectos Integrales, interdisciplinarios e interinstitucionales que respondan a la problem\u00e1tica de la Provincia, la Regi\u00f3n, tanto como nacional o internacional.<\/p>\n<p style=\"text-align: left;\">c)Conforme al inciso anterior, y de acuerdo a las prioridades establecidas, recomendar al Consejo Superior la asignaci\u00f3n de las Partidas Presupuestarias asignadas a Ciencia y T\u00e9cnica.<\/p>\n<p style=\"text-align: left;\">d)Proponer al Consejo Superior el cronograma de actividades peri\u00f3dicas a realizar: Seminarios Abiertos; conferencias, exposiciones y todo otro evento que haga la articulaci\u00f3n de la Universidad con la comunidad en la cual est\u00e1; inserto.<\/p>\n<p style=\"text-align: left;\">e)Responder a las demandas de la comunidad respecto a requerimientos de Proyectos de investigaci\u00f3n sean econ\u00f3micos, ambientales, de salud, de educaci\u00f3n, u otro, coordinando a tal fin las acciones que correspondan a trav\u00e9s de la Secretaria de Ciencia y T\u00e9cnica.<\/p>\n<p style=\"text-align: left;\">f) Evaluar los proyectos de Investigaci\u00f3n presentados a la secretaria de Ciencia y Tecnolog\u00eda y emitir juicio sobre la factibilidad de realizaci\u00f3n y de financiaci\u00f3n.<\/p>\n<p style=\"text-align: left;\">g) Estudiar, evaluar, supervisar y emitir juicio sobre los informes parciales y\/o finales presentados por los investigadores a la Secretar\u00eda de Ciencia y Tecnolog\u00eda en las distintas ,\u00e1reas, a los fines del control de gesti\u00f3n y seguimiento de los proyectos.<\/p>\n<p style=\"text-align: left;\">h) Participar en tu reuniones informativas que realicen los grupos de investigaci\u00f3n a pedido de las autoridades de la U.NA.F. o a criterio del Consejo.<\/p>\n<p style=\"text-align: left;\">i) Propiciar a la Secretar\u00eda, cuando fuere necesario, la formaci\u00f3n de comisiones especiales de asoramiento. Estos profesionales ser\u00e1n invitados a participar del Consejo a t\u00edtulo personal, no revistiendo su presencia car\u00e1cter institucional alguno.<\/p>\n<p style=\"text-align: left;\">j) Interenir como \u00f3rgano asesor aconsejando sobre la contrataci\u00f3n por parte de la Universidad de cientificos y t\u00e9cnicos nacionales o extranjeros, ya sea que hayan surgido por iniciativa propiao por las distintas Unidades Acad\u00e9micas de la Universidad, cuando est\u00e9n relacionados con planes de investigaci\u00f3n y desarrollo.<\/p>\n<p style=\"text-align: left;\">k) Opinar sobre la pol\u00edtica general y el r\u00e9gimen de becas destinadas al perfeccionamiento y capacitaci\u00f3n de docentes y graduados, y proceder a su adjudicaci\u00f3n, conforme a la reglamentaci\u00f3n vigente.<\/p>\n<p style=\"text-align: left;\">l) Opinar sobre la disposici\u00f3n de los medios necesarios, para editar y subvencionar publicaciones destinadas a favorecer la transferencia de conocimientos, a petici\u00f3n de las unidades acad\u00e9micas sobre trabajos de investigaci\u00f3n aplicada resultantes de cursos de posgrado, investigaci\u00f3n de c\u00e1tedras, u otros.<\/p>\n<p style=\"text-align: left;\">ll) Aconsejar sobre la participaci\u00f3n de investigadores y\/o profesionales de la Secretar\u00eda representando a la Universidad, en Congresos y otras reuniones de inter\u00e9s para la Instituci\u00f3n.<\/p>\n<p style=\"text-align: left;\">m) Aconsejar sobre los medios y mecanismos \u00fatiles para realizar la transferencia de tecnolog\u00eda con los organismos estatales, privados u otras instituciones y brindar asesoramiento y asistencia.<\/p>\n<p style=\"text-align: left;\">n) Elevar al Consejo Superior los proyectos, ya sean de investigaci\u00f3n, transferencia tecnol\u00f3gica u otro que sean atinentes a Ciencia y T\u00e9cnica para lo que se considere pertinente<\/p>\n<p style=\"text-align: left;\">\u00f1) Gestionar el financiamiento provincial, nacional, internacional, p\u00fablico o privado, respectivamente para la realizaci\u00f3n de proyectos de investigaci\u00f3n que se considere necesario impulsar.<\/p>\n<p style=\"text-align: left;\" align=\"justify\">Desarrollo de la Sesiones<\/p>\n<p style=\"text-align: left;\" align=\"justify\">Art\u00edculo 5)<span class=\"D12\"> Corresponde a la Mesa Directiva proponer al Plenario la aprobaci\u00f3n del programa de actividades previo a la realizaci\u00f3n de las sesiones. Las sesiones del Consejo tendr\u00e1n el car\u00e1cter de Plenarias. En las mismas se podr\u00e1 dar lugar a conferencias de temas considerados de inter\u00e9s para la Mesa Directiva, con la aprobaci\u00f3n del Plenario, y por simple mayor\u00eda de votos. <\/span><\/p>\n<p align=\"justify\">Art\u00edculo 6) Corresponde al Presidente de las sesiones plenarias conceder el uso de la palabra a los integrantes del Consejo y, facultativamente a los observadores, conforme al programa aprobado, considerando los horarios establecidos y se\u00f1alando los tiempos m\u00e1ximos para las intervenciones.<\/p>\n<p align=\"justify\"><span class=\"Ti12\">Cl\u00e1usula transitoria <\/span><\/p>\n<p>Hasta tamo se integre la Mesa Directiva, la sesi\u00f3n preliminar ser\u00e1 presidida por el Secretario de Ciencia y T\u00e9cnica de la U.Na.F, en calidad de Presidente y el Presidente de la Comisi\u00f3n de Ciencia y T\u00e9cnica, en calidad de Vicepresidente. Ambos deber\u00e1n coordinar las acciones para la realizaci\u00f3n del segundo seminario abierto de Ciencia y Tecnolog\u00eda de la U.Na.F; asimismo deber\u00e1n redactar el Acta donde se sinteticen las exposiciones y las conclusiones, la que deber\u00e1 ser aprobada por el Consejo.<\/p>\n<p class=\"Basico\" align=\"right\">\n<\/td>\n<\/tr>\n<\/tbody>\n<\/table>\n<p>&nbsp;<\/p>\n","protected":false},"excerpt":{"rendered":"<p>El Consejo de Investigaci\u00f3n Cient\u00edfica y Tecnol\u00f3gica es la organizaci\u00f3n que regula la actividad de la Secretaria de Ciencia y Tecnolog\u00eda de la Universidad Nacional de Formosa, fue creado por el Consejo Superior de la Universidad que dicto su reglamentaci\u00f3n y su nueva conformaci\u00f3n est\u00e1 a la espera de ser &#8230;<\/p>\n","protected":false},"author":1,"featured_media":0,"parent":0,"menu_order":0,"comment_status":"open","ping_status":"closed","template":"template-full-width.php","meta":{"footnotes":""},"_links":{"self":[{"href":"https:\/\/secyt.unf.edu.ar\/index.php?rest_route=\/wp\/v2\/pages\/2"}],"collection":[{"href":"https:\/\/secyt.unf.edu.ar\/index.php?rest_route=\/wp\/v2\/pages"}],"about":[{"href":"https:\/\/secyt.unf.edu.ar\/index.php?rest_route=\/wp\/v2\/types\/page"}],"author":[{"embeddable":true,"href":"https:\/\/secyt.unf.edu.ar\/index.php?rest_route=\/wp\/v2\/users\/1"}],"replies":[{"embeddable":true,"href":"https:\/\/secyt.unf.edu.ar\/index.php?rest_route=%2Fwp%2Fv2%2Fcomments&post=2"}],"version-history":[{"count":14,"href":"https:\/\/secyt.unf.edu.ar\/index.php?rest_route=\/wp\/v2\/pages\/2\/revisions"}],"predecessor-version":[{"id":1453,"href":"https:\/\/secyt.unf.edu.ar\/index.php?rest_route=\/wp\/v2\/pages\/2\/revisions\/1453"}],"wp:attachment":[{"href":"https:\/\/secyt.unf.edu.ar\/index.php?rest_route=%2Fwp%2Fv2%2Fmedia&parent=2"}],"curies":[{"name":"wp","href":"https:\/\/api.w.org\/{rel}","templated":true}]}}